21188887 prime?
True
Is 35175801 a prime number?
False
Is 4348187 a prime number?
False
Is 8892907 prime?
True
Is 794953 a composite number?
False
Is 2701637 composite?
False
Is 8916977 prime?
True
Is 2428967 prime?
False
Is 4682467 prime?
True
Is 12934153 a composite number?
False
Is 46396498 a composite number?
True
Is 21331153 a composite number?
True
Is 552901819 prime?
False
Is 61949831 a composite number?
True
Is 20421553 prime?
True
Is 13987411 a composite number?
False
Is 2036735 prime?
False
Is 23367743 a composite number?
True
Is 852919 composite?
True
Is 210589 a composite number?
True
Is 4388863 a prime number?
False
Is 1821122 composite?
True
Is 7828237 prime?
True
Is 721099 a prime number?
False
Is 1247274359 a composite number?
False
Is 12520861 a prime number?
False
Is 3300267 prime?
False
Is 1408366 composite?
True
Is 39151369 composite?
True
Is 4429853 a composite number?
False
Is 1921333 prime?
False
Is 25363589 a composite number?
False
Is 126384449 a prime number?
True
Is 22662911 a prime number?
True
Is 132649679 prime?
True
Is 10164389 a prime number?
True
Is 39668969 a prime number?
False
Is 4259621 composite?
False
Is 5551903 a prime number?
False
Is 33794191 prime?
True
Is 57265997 a composite number?
False
Is 12289897 composite?
True
Is 21147326 a prime number?
False
Is 6445051 a composite number?
False
Is 6370571 prime?
True
Is 115492129 a composite number?
False
Is 130223 a prime number?
True
Is 1765103 composite?
True
Is 307376789 prime?
True
Is 335071021 composite?
False
Is 1115819 a composite number?
True
Is 14067327 a prime number?
False
Is 542485379 prime?
False
Is 2856163 a composite number?
True
Is 144957667 composite?
False
Is 129930217 composite?
True
Is 18569137 a prime number?
False
Is 5264251 a prime number?
True
Is 984817 prime?
True
Is 3275941 a prime number?
False
Is 11000167 composite?
True
Is 328161683 composite?
False
Is 494147881 a composite number?
False
Is 45174263 a composite number?
False
Is 17966371 a prime number?
True
Is 1186946 prime?
False
Is 346229 composite?
True
Is 78853783 a prime number?
False
Is 111027451 prime?
False
Is 136621 prime?
True
Is 17365219 prime?
True
Is 183651123 a composite number?
True
Is 333767 prime?
False
Is 946010771 prime?
True
Is 107594297 composite?
False
Is 5789669 composite?
True
Is 1700627 prime?
True
Is 1724159 a composite number?
True
Is 580473347 a composite number?
True
Is 4179191 prime?
False
Is 1450819 a prime number?
True
Is 1126451 prime?
False
Is 28815107 prime?
True
Is 13229305 composite?
True
Is 84489703 a prime number?
False
Is 1861447 prime?
False
Is 346198 a composite number?
True
Is 64903589 a composite number?
False
Is 11805577 prime?
False
Is 156539431 prime?
True
Is 58821941 composite?
False
Is 49872259 composite?
True
Is 50958487 a composite number?
False
Is 4534199 prime?
True
Is 1454339 a composite number?
False
Is 9292111 composite?
True
Is 626729 a composite number?
True
Is 74347633 prime?
True
Is 8234671 a prime number?
True
Is 31605619 a composite number?
False
Is 60757127 prime?
True
Is 99904447 prime?
False
Is 22318057 a prime number?
False
Is 6250483 prime?
False
Is 335131939 prime?
True
Is 32371167 composite?
True
Is 34123954 a prime number?
False
Is 31052941 prime?
False
Is 49078891 a composite number?
True
Is 175232807 a prime number?
False
Is 2007301 a composite number?
False
Is 49507481 prime?
True
Is 1464863 prime?
True
Is 176147657 a prime number?
False
Is 15878749 a prime number?
True
Is 3493565 a composite number?
True
Is 275942107 a prime number?
False
Is 23782543 prime?
False
Is 5113523 prime?
False
Is 369617 composite?
True
Is 2131435 prime?
False
Is 255415351 a prime number?
True
Is 10218233 a composite number?
True
Is 8033657 a prime number?
True
Is 6655765 prime?
False
Is 5836037 a composite number?
True
Is 132825613 prime?
False
Is 111029 a composite number?
False
Is 2432165 prime?
False
Is 184347659 a prime number?
True
Is 31645853 prime?
True
Is 1830665 composite?
True
Is 9602861 a prime number?
True
Is 761977003 prime?
True
Is 305059553 composite?
True
Is 1982371 composite?
False
Is 10275521 a composite number?
False
Is 3144737 a composite number?
False
Is 23326337 prime?
True
Is 107278243 a prime number?
True
Is 335381 prime?
True
Is 70881805 prime?
False
Is 62153437 composite?
False
Is 438757 composite?
True
Is 292729069 a composite number?
True
Is 1351009 prime?
False
Is 1701851 a composite number?
False
Is 224434283 a prime number?
False
Is 9336829 composite?
False
Is 31475317 composite?
False
Is 10768697 composite?
False
Is 855343 a prime number?
False
Is 2699111 composite?
False
Is 2472403 a composite number?
False
Is 12739031 a composite number?
False
Is 77875417 composite?
True
Is 50302313 a composite number?
False
Is 131119007 a prime number?
True
Is 1030277 prime?
False
Is 86768879 prime?
False
Is 28442437 prime?
False
Is 157907039 composite?
False
Is 103966817 a prime number?
True
Is 4843819 a prime number?
True
Is 4488169 a composite number?
True
Is 49978641 composite?
True
Is 333340177 a prime number?
False
Is 9710431 a composite number?
True
Is 547860493 composite?
False
Is 25777405 a prime number?
False
Is 33887723 a composite number?
True
Is 424573 prime?
True
Is 126166381 composite?
True
Is 45842317 a prime number?
False
Is 5794609 composite?
False
Is 13496293 a composite number?
False
Is 670999 prime?
False
Is 22364603 prime?
False
Is 489398509 prime?
False
Is 7479617 composite?
False
Is 99120121 a composite number?
False
Is 3157949 prime?
True
Is 345249661 composite?
False
Is 316505977 a composite number?
False
Is 94409867 a prime number?
False
Is 4999999 composite?
False
Is 1285667 composite?
True
Is 1134227 a prime number?
False
Is 5181067 prime?
True
Is 11826013 a composite number?
False
Is 1298377 composite?
True
Is 21002405 a prime number?
False
Is 907871 composite?
False
Is 393958771 composite?
False
Is 137979797 composite?
False
Is 4817339 prime?
True
Is 1481287 prime?
False
Is 370769369 a prime number?
False
Is 5723797 a prime number?
False
Is 495653777 composite?
False
Is 50963767 a prime number?
False
Is 2229141 a prime number?
False
Is 69090127 prime?
True
Is 40269173 prime?
False
Is 1937071 prime?
True
Is 46461691 a composite number?
False
Is 80811695 composite?
True
Is 31558895 composite?
True
Is 364951 composite?
True
Is 6818821 a composite number?
True
Is 133034669 prime?
False
Is 5535683 prime?
True
Is 53973687 prime?
False
Is 3128501 a composite number?
False
Is 16014571 composite?
True
Is 36703559 prime?
False
Is 1005881 a prime number?
False
Is 6656711 prime?
True
Is 17786723 composite?
True
Is 573633523 composite?
False
Is 19475953 composite?
True
Is 3424643 prime?
True
Is 218175847 a prime number?
True
Is 60815047 a prime number?
False
Is 12343261 a composite number?
True
Is 1812107221 prime?
True
Is 44626609 a composite number?
False
Is 205448079 a composite number?
True
Is 7218083 a prime number?
True
Is 1428919 composite?
True
Is 1225459 composite?
False
Is 139649035 a prime number?
False
Is 74995957 a prime number?
True
Is 3985621 composite?
False
Is 171000179 a prime number?
False
Is 141329359 a composite number?
True
Is 6604531 composite?
True
Is 4258297 composite?
True
Is 9750577 composite?
True
Is 11496427 a prime number?
False
Is 44106767 composite?
True
Is 2245907 composite?
True
Is 14012373 prime?
False
Is 8397605 a composite number?
True
Is 413411 a prime number?
True
Is 751493 prime?
False
Is 180915538 prime?
False
Is 64080713 a composite number?
True
Is 365969 a prime number?
True
Is 71018653 composite?
False
Is 8576101 prime?
False
Is 319512731 a prime number?
True
Is 3860431 a composite number?
False
Is 1902193 a composite number?
False
Is 38979959 a prime number?
False
Is 11803249 composite?
False
Is 199785479 composite?
True
Is 17149289 a composite number?
False
Is 99267895 composite?
True
Is 459948743 a prime number?
True
Is 37081009 a prime number?
False
Is 8168497 composite?
True
Is 4894871 composite?
False
Is 325074857 a prime number?
False
Is 2103139 prime?
True
Is 73210849 prime?
True
Is 44863271 prime?
False
Is 18859891 composite?
True
Is 615007 a prime number?
False
Is 112032926 a prime number?
False
Is 26835779 a prime number?
False
Is 1052